(-1)/(-1))/((-7)/(-455)). Let f(v) = 5*v**3 + 115*v**2 - 5*v - 63. Let m be f(-23). Calculate the highest common divisor of y and m.
13
Let s = -328 - -342. Suppose 5*l + 5*z - 7 = 13, l - z - s = 0. Suppose 0 = -t + 36. Calculate the highest common factor of l and t.
9
Suppose 2*t = 5*a - 127, 2*a + 2*t - 62 = -0*t. Suppose l + 4*l = 15, 3*p - 885 = 2*l. What is the highest common divisor of p and a?
27
Let l be -1 - ((-5)/(-10) + (-1135)/10). Suppose 9*g = -0*g + 630. Calculate the highest common factor of g and l.
14
Suppose 66397 = 68*o + 14037. Calculate the highest common factor of o and 66.
22
Let y be ((2 - 7) + -9)/(1/(-24)). Calculate the highest common factor of y and 21.
21
Let l(u) = -u - 13. Let y be l(-10). Let k(d) = -8*d - 2. Let t be k(y). Let a = -1663 + 1729. Calculate the highest common divisor of a and t.
22
Suppose -2*w = -i - 17, -5*w + 0 = -5*i - 45. Let s be (9/(-6) - -1) + (-805)/(-10). Calculate the greatest common divisor of w and s.
8
Let i(s) = 14*s**3 - 195*s**2 + 31*s - 15. Let y be i(14). What is the greatest common divisor of y and 15?
15
Suppose -109*s - 463314 = -2968243. What is the highest common factor of s and 67?
67
Let y be 64/(-24)*15/(-10). Suppose -4*t = -3*x + y*x - 385, -5*t = -3*x - 477. Calculate the highest common factor of t and 6.
6
Let u(h) = h**2 - 39*h - 949. Let y be u(57). What is the greatest common factor of y and 1771?
77
Let o = 17275 - 17086. Calculate the highest common divisor of o and 6291.
27
Let l(k) = k**3 + 13*k**2 - 21*k - 18. Let f be l(-14). Let v be (4 + -30 - 4)*1/2. Let w be 168/35*(-100)/v. What is the highest common factor of w and f?
16
Let p be ((-95)/2)/(-5) + (-3)/(-6). Suppose 2*k = 5*c - p, 0*k + k + 5 = 2*c. Suppose -5*w + 175 + 265 = c. Calculate the greatest common divisor of w and 8.
8
Let j(h) = 5*h**2 - 51*h - 594. Let n be j(41). What is the greatest common divisor of n and 88?
88
Let n be -1*13*900/(-36). Let g be (-13)/(n/20) - (-957)/15. Calculate the highest common factor of g and 3.
3
Let o be 58 + (6/4)/(1*1/(-4)). What is the greatest common divisor of o and 481?
13
Let t = 4702 - 4758. Let n be 38/(-1) + 2*-1. Let h = n - t. What is the greatest common divisor of h and 2?
2
Let i be 20/(-25) + 23 + (-2)/10. Calculate the highest common factor of i and 4.
2
Let g be (13 - 7) + (-64)/(-4). Let k be ((-2620)/6)/(-5) - (-2)/3. Calculate the highest common factor of k and g.
22
Let i(n) = -8 + 19*n + 2 + 23*n. Let y be i(3). Suppose 456 = -h + 20*h. Calculate the greatest common divisor of y and h.
24
Suppose 0 = s + 3*c + 454, 59 - 1847 = 4*s + 5*c. Let m = s - -712. What is the highest common factor of 10 and m?
10
Let w(k) = 17*k**2 + 88*k + 346. Let l be w(-4). Suppose 156 = 4*u - 0*u - 4*j, -2*u + j + 77 = 0. What is the greatest common divisor of u and l?
38
Let v(c) = c**3 + 6*c**2 - 2699*c - 18833. Let a be v(-7). Let z = -915 - -1498. Calculate the highest common factor of a and z.
11
Suppose 5*x - 2*i = 10*x - 40076, 4*x - 2*i = 32068. What is the greatest common divisor of 36 and x?
12
Let c(u) = -u**2 + 68*u - 1150. Let h be c(32). Calculate the highest common factor of 1838 and h.
2
Suppose 23*y = 1322 + 334. Let c(o) = o**2 + 2*o + 180. Let w be c(0). Calculate the highest common factor of w and y.
36
Let x be -12 - (-25)/2 - ((-2451)/6 + 0). What is the highest common factor of x and 1?
1
Let w(r) = r**3 + 6*r**2 + 12*r + 45. Let h be w(-5). Suppose -h*k + 70 = -3*k. Suppose k*b = 8*b + 48. Calculate the greatest common factor of 6 and b.
6
Let u(x) = -x**3 + 35*x**2 + 32*x - 68. Let h be u(36). Let d = h - -544. Calculate the greatest common factor of d and 83.
83
Suppose 62*c = -3432 + 5292. What is the greatest common divisor of c and 1086?
6
Suppose f = 5*f + 20. Let z = 16 + f. Let b be ((-21)/12*4488/(-255))/((-4)/(-10)). Calculate the greatest common divisor of b and z.
11
Let n be 5*((-10692)/30)/(-22). What is the greatest common factor of n and 24?
3
Let h be (-3 + (3 - 8))/(15/(-120)). What is the highest common divisor of 848 and h?
16
Suppose -l - 3*h + 17 = 0, 5*l - 56 - 47 = 3*h. What is the highest common divisor of l and 2410?
10
Let a be 5/(-5)*-4 + -443. Let r = -369 - a. Let w(q) = -2*q - 3. Let j be w(-5). What is the highest common divisor of r and j?
7
Suppose -87*f + 86*f = -2*b - 44, f - 3*b = 43. What is the highest common factor of 15088 and f?
46
Let r(g) = g**2 - 5*g - 40. Let t be r(12). Let j be t/154 - 444/(-14). What is the highest common divisor of 288 and j?
32
Let z be 6/15 - (336/15 + 2). Let i = z + 26. Suppose -3*m = i*m - 120. What is the highest common factor of 72 and m?
24
Let m(u) = -u + 2. Let s be m(0). Calculate the greatest common divisor of s and 34.
2
Let f(s) = 10*s + 49. Let u be f(-5). Let w be ((-12)/(-14))/(u/(-21)). Calculate the highest common divisor of w and 1116.
18
Let t = -9976 + 20542. Calculate the highest common factor of t and 36.
18
Let a = -517 + 469. Let l be 10744/64 + (-6)/a. Calculate the highest common divisor of 126 and l.
42
Let o(h) = -h**2 + h + 12. Let b be o(0). Let w(j) = -40*j + 221. Let n be w(13). Let v = 311 + n. What is the greatest common divisor of b and v?
12
Suppose g - 5 - 6 = 0. Suppose -3*f + f + 360 = -4*k, -f - k = -186. Let v = f + -63. Calculate the greatest common divisor of g and v.
11
Let d be (2/(-11))/((-348)/208626). Calculate the highest common divisor of d and 1.
1
Suppose -5*q = 3*d - 185, -5*d + d + 20 = q. Suppose 141*n + 54 = 147*n. Let x = 17 - n. Calculate the highest common factor of q and x.
8
Let k = -180 + 179. Let l(q) = -174*q**3 + 3*q**2 + 4*q + 1. Let y be l(k). What is the highest common factor of 6 and y?
6
Suppose 221*p = -5856765 + 21871530. What is the greatest common divisor of 15 and p?
15
Let p = -11062 - -11075. Let n = 13 - -78. What is the greatest common factor of n and p?
13
Let n be (-94)/12 - -8 - (-97)/(-6). Let w(h) = h**3 + 15*h**2 - 14*h + 46. Let g be w(n). What is the greatest common factor of 854 and g?
14
Let n = -1373 - -1949. Calculate the greatest common divisor of 528 and n.
48
Suppose 2*a = -2*m + 122, -3*a = 25*m - 30*m + 313. Calculate the greatest common divisor of 28737 and m.
31
Let d(z) = -2*z**2 + 22*z - 181. Let x be d(8). Let k = x + 212. Calculate the greatest common divisor of k and 158.
79
Let t(j) = -j**3 - j**2 + 201*j + 813. Let u be t(-4). Calculate the highest common divisor of u and 51.
3
Let k be 0/((-18)/(-12)*4/(-3)). Suppose k*c - 8 = -4*c, 2*q + 2*c = 10. Let j be 4/14 - -6*10/35. Calculate the greatest common divisor of q and j.
1
Let g = -7 - -20. Suppose -106*c + 109*c + 240 = 0. Let k be (-91)/2*c/140. What is the highest common factor of g and k?
13
Let i = -11632 + 11674. Calculate the highest common factor of 132 and i.
6
Let m = -2876 - -2922. What is the greatest common divisor of m and 2737?
23
Let r = -400 - -400. Suppose r = 18*l - 94 - 50. What is the highest common divisor of l and 480?
8
Suppose 0 = 128*m - 123*m + o - 132, -4*m + 2*o = -114. What is the greatest common divisor of m and 3456?
27
Let j be (-1)/4 + (-1205)/(-4) + -1. Let v = j + -277. Calculate the highest common factor of 23 and v.
23
Suppose h + 4 = -1. Let s be 43/5 + (-2)/h. Let o = 298 - 226. Calculate the highest common factor of s and o.
9
Let h(j) = 4*j + 30. Let l be h(-12). Let o = -19 + l. Let p = 53 + o. What is the greatest common factor of p and 2?
2
Let d = -9 + 19. Suppose -4*z + 88 = -2*r, -z + r = -4*z + 76. Suppose -45 = -5*v - 5*y, 4*y = 6*v - 4*v - z. What is the greatest common divisor of v and d?
10
Let p = -17 - -23. Suppose -16 = 2*n + 2*n, 4*k + 180 = -3*n. Let c = k + 72. Calculate the greatest common divisor of c and p.
6
Suppose 53 = 3*g + 4*w, -5*g + g = w - 88. Suppose -2*d = 5*o - 104, -5*o + 2*d = -93 - g. Let a = -235 - -279. Calculate the greatest common factor of o and a.
22
Let j = 261 - 247. Let p = -11 + 23. Suppose -j*g = -p*g - 16. What is the highest common factor of 4 and g?
4
Suppose -4 - 8 = -4*m. Let c = 671 - 645. Suppose 3*u - c = m*l + 4, 54 = 5*u - 4*l. What is the greatest common factor of 70 and u?
14
Suppose 6*v = 3*v - 5*a - 7, 0 = -5*v - 3*a + 15. Let p be (26/2)/((-1 + 7)/v). Let n = p - -91. What is the highest common divisor of n